{"id":1451,"date":"2023-10-05T18:37:06","date_gmt":"2023-10-05T16:37:06","guid":{"rendered":"https:\/\/ivroxe.digiway-dev.online\/successful-purchase\/"},"modified":"2024-06-19T16:04:59","modified_gmt":"2024-06-19T14:04:59","slug":"successful-purchase","status":"publish","type":"page","link":"https:\/\/ivroxe.com\/mokotow\/successful-purchase\/","title":{"rendered":"Gratulujemy nabycia bonu podarunkowego lvRoxe!"},"content":{"rendered":"\n<p>Gratulujemy nabycia bonu podarunkowego lvRoxe!<br>Tw\u00f3j bon zosta\u0142 wys\u0142any na wskazany adres e-mail.<br>Przypominamy, \u017ce czas wa\u017cno\u015bci bonu wynosi 3 miesi\u0105ce od daty zakupu, a wykorzysta\u0107 go mo\u017cna w ka\u017cdym z salon\u00f3w naszej sieci.<br>Na wizyt\u0119 obowi\u0105zuj\u0105 wcze\u015bniejsze rezerwacje.<br>Dzi\u0119kujemy za wyb\u00f3r naszego salonu!<\/p>\n","protected":false},"excerpt":{"rendered":"<p>Gratulujemy nabycia bonu podarunkowego lvRoxe!Tw\u00f3j bon zosta\u0142 wys\u0142any na wskazany adres e-mail.Przypominamy, \u017ce czas wa\u017cno\u015bci bonu wynosi 3 miesi\u0105ce od daty zakupu, a wykorzysta\u0107 go mo\u017cna w ka\u017cdym z salon\u00f3w naszej sieci.Na wizyt\u0119 obowi\u0105zuj\u0105 wcze\u015bniejsze rezerwacje.Dzi\u0119kujemy za wyb\u00f3r naszego salonu!<\/p>\n","protected":false},"author":1,"featured_media":0,"parent":0,"menu_order":0,"comment_status":"closed","ping_status":"closed","template":"templates\/success.php","meta":{"footnotes":""},"class_list":["post-1451","page","type-page","status-publish","hentry"],"yoast_head":"<!-- This site is optimized with the Yoast SEO plugin v26.6 - https:\/\/yoast.com\/wordpress\/plugins\/seo\/ -->\n<title>Gratulujemy nabycia bonu podarunkowego lvRoxe! - IVROXE<\/title>\n<meta name=\"robots\" content=\"index, follow, max-snippet:-1, max-image-preview:large, max-video-preview:-1\" \/>\n<meta property=\"og:locale\" content=\"pl_PL\" \/>\n<meta property=\"og:type\" content=\"article\" \/>\n<meta property=\"og:title\" content=\"Gratulujemy nabycia bonu podarunkowego lvRoxe! - IVROXE\" \/>\n<meta property=\"og:description\" content=\"Gratulujemy nabycia bonu podarunkowego lvRoxe!Tw\u00f3j bon zosta\u0142 wys\u0142any na wskazany adres e-mail.Przypominamy, \u017ce czas wa\u017cno\u015bci bonu wynosi 3 miesi\u0105ce od daty zakupu, a wykorzysta\u0107 go mo\u017cna w ka\u017cdym z salon\u00f3w naszej sieci.Na wizyt\u0119 obowi\u0105zuj\u0105 wcze\u015bniejsze rezerwacje.Dzi\u0119kujemy za wyb\u00f3r naszego salonu!\" \/>\n<meta property=\"og:url\" content=\"https:\/\/ivroxe.com\/mokotow\/successful-purchase\/\" \/>\n<meta property=\"og:site_name\" content=\"IVROXE\" \/>\n<meta property=\"article:publisher\" content=\"https:\/\/www.facebook.com\/ivroxe.salon.warszawa\" \/>\n<meta property=\"article:modified_time\" content=\"2024-06-19T14:04:59+00:00\" \/>\n<meta name=\"twitter:card\" content=\"summary_large_image\" \/>\n<script type=\"application\/ld+json\" class=\"yoast-schema-graph\">{\"@context\":\"https:\/\/schema.org\",\"@graph\":[{\"@type\":\"WebPage\",\"@id\":\"https:\/\/ivroxe.com\/mokotow\/successful-purchase\/\",\"url\":\"https:\/\/ivroxe.com\/mokotow\/successful-purchase\/\",\"name\":\"Gratulujemy nabycia bonu podarunkowego lvRoxe! - IVROXE\",\"isPartOf\":{\"@id\":\"https:\/\/ivroxe.com\/mokotow\/#website\"},\"datePublished\":\"2023-10-05T16:37:06+00:00\",\"dateModified\":\"2024-06-19T14:04:59+00:00\",\"breadcrumb\":{\"@id\":\"https:\/\/ivroxe.com\/mokotow\/successful-purchase\/#breadcrumb\"},\"inLanguage\":\"pl-PL\",\"potentialAction\":[{\"@type\":\"ReadAction\",\"target\":[\"https:\/\/ivroxe.com\/mokotow\/successful-purchase\/\"]}]},{\"@type\":\"BreadcrumbList\",\"@id\":\"https:\/\/ivroxe.com\/mokotow\/successful-purchase\/#breadcrumb\",\"itemListElement\":[{\"@type\":\"ListItem\",\"position\":1,\"name\":\"Strona g\u0142\u00f3wna\",\"item\":\"https:\/\/ivroxe.com\/mokotow\/\"},{\"@type\":\"ListItem\",\"position\":2,\"name\":\"Gratulujemy nabycia bonu podarunkowego lvRoxe!\"}]},{\"@type\":\"WebSite\",\"@id\":\"https:\/\/ivroxe.com\/mokotow\/#website\",\"url\":\"https:\/\/ivroxe.com\/mokotow\/\",\"name\":\"IVROXE Warszawa Mokot\u00f3w\",\"description\":\"\",\"publisher\":{\"@id\":\"https:\/\/ivroxe.com\/mokotow\/#organization\"},\"potentialAction\":[{\"@type\":\"SearchAction\",\"target\":{\"@type\":\"EntryPoint\",\"urlTemplate\":\"https:\/\/ivroxe.com\/mokotow\/?s={search_term_string}\"},\"query-input\":{\"@type\":\"PropertyValueSpecification\",\"valueRequired\":true,\"valueName\":\"search_term_string\"}}],\"inLanguage\":\"pl-PL\"},{\"@type\":\"Organization\",\"@id\":\"https:\/\/ivroxe.com\/mokotow\/#organization\",\"name\":\"IVROXE Warszawa Mokot\u00f3w\",\"url\":\"https:\/\/ivroxe.com\/mokotow\/\",\"logo\":{\"@type\":\"ImageObject\",\"inLanguage\":\"pl-PL\",\"@id\":\"https:\/\/ivroxe.com\/mokotow\/#\/schema\/logo\/image\/\",\"url\":\"https:\/\/ivroxe.com\/mokotow\/wp-content\/uploads\/2023\/09\/warsaw-icon.png\",\"contentUrl\":\"https:\/\/ivroxe.com\/mokotow\/wp-content\/uploads\/2023\/09\/warsaw-icon.png\",\"width\":76,\"height\":76,\"caption\":\"IVROXE Warszawa Mokot\u00f3w\"},\"image\":{\"@id\":\"https:\/\/ivroxe.com\/mokotow\/#\/schema\/logo\/image\/\"},\"sameAs\":[\"https:\/\/www.facebook.com\/ivroxe.salon.warszawa\",\"https:\/\/www.instagram.com\/ivroxe_salon_zdrowia_warszawa\/\"]}]}<\/script>\n<!-- \/ Yoast SEO plugin. -->","yoast_head_json":{"title":"Gratulujemy nabycia bonu podarunkowego lvRoxe! - IVROXE","robots":{"index":"index","follow":"follow","max-snippet":"max-snippet:-1","max-image-preview":"max-image-preview:large","max-video-preview":"max-video-preview:-1"},"og_locale":"pl_PL","og_type":"article","og_title":"Gratulujemy nabycia bonu podarunkowego lvRoxe! - IVROXE","og_description":"Gratulujemy nabycia bonu podarunkowego lvRoxe!Tw\u00f3j bon zosta\u0142 wys\u0142any na wskazany adres e-mail.Przypominamy, \u017ce czas wa\u017cno\u015bci bonu wynosi 3 miesi\u0105ce od daty zakupu, a wykorzysta\u0107 go mo\u017cna w ka\u017cdym z salon\u00f3w naszej sieci.Na wizyt\u0119 obowi\u0105zuj\u0105 wcze\u015bniejsze rezerwacje.Dzi\u0119kujemy za wyb\u00f3r naszego salonu!","og_url":"https:\/\/ivroxe.com\/mokotow\/successful-purchase\/","og_site_name":"IVROXE","article_publisher":"https:\/\/www.facebook.com\/ivroxe.salon.warszawa","article_modified_time":"2024-06-19T14:04:59+00:00","twitter_card":"summary_large_image","schema":{"@context":"https:\/\/schema.org","@graph":[{"@type":"WebPage","@id":"https:\/\/ivroxe.com\/mokotow\/successful-purchase\/","url":"https:\/\/ivroxe.com\/mokotow\/successful-purchase\/","name":"Gratulujemy nabycia bonu podarunkowego lvRoxe! - IVROXE","isPartOf":{"@id":"https:\/\/ivroxe.com\/mokotow\/#website"},"datePublished":"2023-10-05T16:37:06+00:00","dateModified":"2024-06-19T14:04:59+00:00","breadcrumb":{"@id":"https:\/\/ivroxe.com\/mokotow\/successful-purchase\/#breadcrumb"},"inLanguage":"pl-PL","potentialAction":[{"@type":"ReadAction","target":["https:\/\/ivroxe.com\/mokotow\/successful-purchase\/"]}]},{"@type":"BreadcrumbList","@id":"https:\/\/ivroxe.com\/mokotow\/successful-purchase\/#breadcrumb","itemListElement":[{"@type":"ListItem","position":1,"name":"Strona g\u0142\u00f3wna","item":"https:\/\/ivroxe.com\/mokotow\/"},{"@type":"ListItem","position":2,"name":"Gratulujemy nabycia bonu podarunkowego lvRoxe!"}]},{"@type":"WebSite","@id":"https:\/\/ivroxe.com\/mokotow\/#website","url":"https:\/\/ivroxe.com\/mokotow\/","name":"IVROXE Warszawa Mokot\u00f3w","description":"","publisher":{"@id":"https:\/\/ivroxe.com\/mokotow\/#organization"},"potentialAction":[{"@type":"SearchAction","target":{"@type":"EntryPoint","urlTemplate":"https:\/\/ivroxe.com\/mokotow\/?s={search_term_string}"},"query-input":{"@type":"PropertyValueSpecification","valueRequired":true,"valueName":"search_term_string"}}],"inLanguage":"pl-PL"},{"@type":"Organization","@id":"https:\/\/ivroxe.com\/mokotow\/#organization","name":"IVROXE Warszawa Mokot\u00f3w","url":"https:\/\/ivroxe.com\/mokotow\/","logo":{"@type":"ImageObject","inLanguage":"pl-PL","@id":"https:\/\/ivroxe.com\/mokotow\/#\/schema\/logo\/image\/","url":"https:\/\/ivroxe.com\/mokotow\/wp-content\/uploads\/2023\/09\/warsaw-icon.png","contentUrl":"https:\/\/ivroxe.com\/mokotow\/wp-content\/uploads\/2023\/09\/warsaw-icon.png","width":76,"height":76,"caption":"IVROXE Warszawa Mokot\u00f3w"},"image":{"@id":"https:\/\/ivroxe.com\/mokotow\/#\/schema\/logo\/image\/"},"sameAs":["https:\/\/www.facebook.com\/ivroxe.salon.warszawa","https:\/\/www.instagram.com\/ivroxe_salon_zdrowia_warszawa\/"]}]}},"_links":{"self":[{"href":"https:\/\/ivroxe.com\/mokotow\/wp-json\/wp\/v2\/pages\/1451","targetHints":{"allow":["GET"]}}],"collection":[{"href":"https:\/\/ivroxe.com\/mokotow\/wp-json\/wp\/v2\/pages"}],"about":[{"href":"https:\/\/ivroxe.com\/mokotow\/wp-json\/wp\/v2\/types\/page"}],"author":[{"embeddable":true,"href":"https:\/\/ivroxe.com\/mokotow\/wp-json\/wp\/v2\/users\/1"}],"replies":[{"embeddable":true,"href":"https:\/\/ivroxe.com\/mokotow\/wp-json\/wp\/v2\/comments?post=1451"}],"version-history":[{"count":0,"href":"https:\/\/ivroxe.com\/mokotow\/wp-json\/wp\/v2\/pages\/1451\/revisions"}],"wp:attachment":[{"href":"https:\/\/ivroxe.com\/mokotow\/wp-json\/wp\/v2\/media?parent=1451"}],"curies":[{"name":"wp","href":"https:\/\/api.w.org\/{rel}","templated":true}]}}