{"id":1413,"date":"2023-09-27T18:01:37","date_gmt":"2023-09-27T16:01:37","guid":{"rendered":"https:\/\/ivroxe.digiway-dev.online\/wroclaw\/faq\/"},"modified":"2026-04-02T13:41:36","modified_gmt":"2026-04-02T11:41:36","slug":"faq","status":"publish","type":"page","link":"https:\/\/ivroxe.com\/wroclaw\/faq\/","title":{"rendered":"FAQ"},"content":{"rendered":"","protected":false},"excerpt":{"rendered":"","protected":false},"author":1,"featured_media":0,"parent":0,"menu_order":0,"comment_status":"closed","ping_status":"closed","template":"templates\/faq.php","meta":{"footnotes":""},"class_list":["post-1413","page","type-page","status-publish","hentry"],"yoast_head":"<!-- This site is optimized with the Yoast SEO plugin v26.6 - https:\/\/yoast.com\/wordpress\/plugins\/seo\/ -->\n<title>Najcz\u0119stsze pytania o masa\u017c \u2014 IVROXE Wroc\u0142aw<\/title>\n<meta name=\"description\" content=\"\u261d\ufe0fPoznaj odpowiedzi na najcz\u0119\u015bciej zadawane pytania dotycz\u0105ce masa\u017cu, rezerwacji i us\u0142ug w \u2b50\ufe0f IVROXE we Wroc\u0142awiu. Wszystko w jednym miejscu.\" \/>\n<meta name=\"robots\" content=\"index, follow, max-snippet:-1, max-image-preview:large, max-video-preview:-1\" \/>\n<meta property=\"og:locale\" content=\"pl_PL\" \/>\n<meta property=\"og:type\" content=\"article\" \/>\n<meta property=\"og:title\" content=\"Najcz\u0119stsze pytania o masa\u017c \u2014 IVROXE Wroc\u0142aw\" \/>\n<meta property=\"og:description\" content=\"\u261d\ufe0fPoznaj odpowiedzi na najcz\u0119\u015bciej zadawane pytania dotycz\u0105ce masa\u017cu, rezerwacji i us\u0142ug w \u2b50\ufe0f IVROXE we Wroc\u0142awiu. Wszystko w jednym miejscu.\" \/>\n<meta property=\"og:url\" content=\"https:\/\/ivroxe.com\/wroclaw\/faq\/\" \/>\n<meta property=\"og:site_name\" content=\"IVROXE Wroc\u0142aw\" \/>\n<meta property=\"article:modified_time\" content=\"2026-04-02T11:41:36+00:00\" \/>\n<meta name=\"twitter:card\" content=\"summary_large_image\" \/>\n<script type=\"application\/ld+json\" class=\"yoast-schema-graph\">{\"@context\":\"https:\/\/schema.org\",\"@graph\":[{\"@type\":\"WebPage\",\"@id\":\"https:\/\/ivroxe.com\/wroclaw\/faq\/\",\"url\":\"https:\/\/ivroxe.com\/wroclaw\/faq\/\",\"name\":\"Najcz\u0119stsze pytania o masa\u017c \u2014 IVROXE Wroc\u0142aw\",\"isPartOf\":{\"@id\":\"https:\/\/ivroxe.com\/wroclaw\/#website\"},\"datePublished\":\"2023-09-27T16:01:37+00:00\",\"dateModified\":\"2026-04-02T11:41:36+00:00\",\"description\":\"\u261d\ufe0fPoznaj odpowiedzi na najcz\u0119\u015bciej zadawane pytania dotycz\u0105ce masa\u017cu, rezerwacji i us\u0142ug w \u2b50\ufe0f IVROXE we Wroc\u0142awiu. Wszystko w jednym miejscu.\",\"breadcrumb\":{\"@id\":\"https:\/\/ivroxe.com\/wroclaw\/faq\/#breadcrumb\"},\"inLanguage\":\"pl-PL\",\"potentialAction\":[{\"@type\":\"ReadAction\",\"target\":[\"https:\/\/ivroxe.com\/wroclaw\/faq\/\"]}]},{\"@type\":\"BreadcrumbList\",\"@id\":\"https:\/\/ivroxe.com\/wroclaw\/faq\/#breadcrumb\",\"itemListElement\":[{\"@type\":\"ListItem\",\"position\":1,\"name\":\"Strona g\u0142\u00f3wna\",\"item\":\"https:\/\/ivroxe.com\/wroclaw\/\"},{\"@type\":\"ListItem\",\"position\":2,\"name\":\"FAQ\"}]},{\"@type\":\"WebSite\",\"@id\":\"https:\/\/ivroxe.com\/wroclaw\/#website\",\"url\":\"https:\/\/ivroxe.com\/wroclaw\/\",\"name\":\"IVROXE Wroc\u0142aw\",\"description\":\"\",\"publisher\":{\"@id\":\"https:\/\/ivroxe.com\/wroclaw\/#organization\"},\"potentialAction\":[{\"@type\":\"SearchAction\",\"target\":{\"@type\":\"EntryPoint\",\"urlTemplate\":\"https:\/\/ivroxe.com\/wroclaw\/?s={search_term_string}\"},\"query-input\":{\"@type\":\"PropertyValueSpecification\",\"valueRequired\":true,\"valueName\":\"search_term_string\"}}],\"inLanguage\":\"pl-PL\"},{\"@type\":\"Organization\",\"@id\":\"https:\/\/ivroxe.com\/wroclaw\/#organization\",\"name\":\"IVROXE Wroc\u0142aw\",\"url\":\"https:\/\/ivroxe.com\/wroclaw\/\",\"logo\":{\"@type\":\"ImageObject\",\"inLanguage\":\"pl-PL\",\"@id\":\"https:\/\/ivroxe.com\/wroclaw\/#\/schema\/logo\/image\/\",\"url\":\"https:\/\/ivroxe.com\/wroclaw\/wp-content\/uploads\/sites\/5\/2024\/12\/logo.png\",\"contentUrl\":\"https:\/\/ivroxe.com\/wroclaw\/wp-content\/uploads\/sites\/5\/2024\/12\/logo.png\",\"width\":150,\"height\":150,\"caption\":\"IVROXE Wroc\u0142aw\"},\"image\":{\"@id\":\"https:\/\/ivroxe.com\/wroclaw\/#\/schema\/logo\/image\/\"}}]}<\/script>\n<!-- \/ Yoast SEO plugin. -->","yoast_head_json":{"title":"Najcz\u0119stsze pytania o masa\u017c \u2014 IVROXE Wroc\u0142aw","description":"\u261d\ufe0fPoznaj odpowiedzi na najcz\u0119\u015bciej zadawane pytania dotycz\u0105ce masa\u017cu, rezerwacji i us\u0142ug w \u2b50\ufe0f IVROXE we Wroc\u0142awiu. Wszystko w jednym miejscu.","robots":{"index":"index","follow":"follow","max-snippet":"max-snippet:-1","max-image-preview":"max-image-preview:large","max-video-preview":"max-video-preview:-1"},"og_locale":"pl_PL","og_type":"article","og_title":"Najcz\u0119stsze pytania o masa\u017c \u2014 IVROXE Wroc\u0142aw","og_description":"\u261d\ufe0fPoznaj odpowiedzi na najcz\u0119\u015bciej zadawane pytania dotycz\u0105ce masa\u017cu, rezerwacji i us\u0142ug w \u2b50\ufe0f IVROXE we Wroc\u0142awiu. Wszystko w jednym miejscu.","og_url":"https:\/\/ivroxe.com\/wroclaw\/faq\/","og_site_name":"IVROXE Wroc\u0142aw","article_modified_time":"2026-04-02T11:41:36+00:00","twitter_card":"summary_large_image","schema":{"@context":"https:\/\/schema.org","@graph":[{"@type":"WebPage","@id":"https:\/\/ivroxe.com\/wroclaw\/faq\/","url":"https:\/\/ivroxe.com\/wroclaw\/faq\/","name":"Najcz\u0119stsze pytania o masa\u017c \u2014 IVROXE Wroc\u0142aw","isPartOf":{"@id":"https:\/\/ivroxe.com\/wroclaw\/#website"},"datePublished":"2023-09-27T16:01:37+00:00","dateModified":"2026-04-02T11:41:36+00:00","description":"\u261d\ufe0fPoznaj odpowiedzi na najcz\u0119\u015bciej zadawane pytania dotycz\u0105ce masa\u017cu, rezerwacji i us\u0142ug w \u2b50\ufe0f IVROXE we Wroc\u0142awiu. Wszystko w jednym miejscu.","breadcrumb":{"@id":"https:\/\/ivroxe.com\/wroclaw\/faq\/#breadcrumb"},"inLanguage":"pl-PL","potentialAction":[{"@type":"ReadAction","target":["https:\/\/ivroxe.com\/wroclaw\/faq\/"]}]},{"@type":"BreadcrumbList","@id":"https:\/\/ivroxe.com\/wroclaw\/faq\/#breadcrumb","itemListElement":[{"@type":"ListItem","position":1,"name":"Strona g\u0142\u00f3wna","item":"https:\/\/ivroxe.com\/wroclaw\/"},{"@type":"ListItem","position":2,"name":"FAQ"}]},{"@type":"WebSite","@id":"https:\/\/ivroxe.com\/wroclaw\/#website","url":"https:\/\/ivroxe.com\/wroclaw\/","name":"IVROXE Wroc\u0142aw","description":"","publisher":{"@id":"https:\/\/ivroxe.com\/wroclaw\/#organization"},"potentialAction":[{"@type":"SearchAction","target":{"@type":"EntryPoint","urlTemplate":"https:\/\/ivroxe.com\/wroclaw\/?s={search_term_string}"},"query-input":{"@type":"PropertyValueSpecification","valueRequired":true,"valueName":"search_term_string"}}],"inLanguage":"pl-PL"},{"@type":"Organization","@id":"https:\/\/ivroxe.com\/wroclaw\/#organization","name":"IVROXE Wroc\u0142aw","url":"https:\/\/ivroxe.com\/wroclaw\/","logo":{"@type":"ImageObject","inLanguage":"pl-PL","@id":"https:\/\/ivroxe.com\/wroclaw\/#\/schema\/logo\/image\/","url":"https:\/\/ivroxe.com\/wroclaw\/wp-content\/uploads\/sites\/5\/2024\/12\/logo.png","contentUrl":"https:\/\/ivroxe.com\/wroclaw\/wp-content\/uploads\/sites\/5\/2024\/12\/logo.png","width":150,"height":150,"caption":"IVROXE Wroc\u0142aw"},"image":{"@id":"https:\/\/ivroxe.com\/wroclaw\/#\/schema\/logo\/image\/"}}]}},"_links":{"self":[{"href":"https:\/\/ivroxe.com\/wroclaw\/wp-json\/wp\/v2\/pages\/1413","targetHints":{"allow":["GET"]}}],"collection":[{"href":"https:\/\/ivroxe.com\/wroclaw\/wp-json\/wp\/v2\/pages"}],"about":[{"href":"https:\/\/ivroxe.com\/wroclaw\/wp-json\/wp\/v2\/types\/page"}],"author":[{"embeddable":true,"href":"https:\/\/ivroxe.com\/wroclaw\/wp-json\/wp\/v2\/users\/1"}],"replies":[{"embeddable":true,"href":"https:\/\/ivroxe.com\/wroclaw\/wp-json\/wp\/v2\/comments?post=1413"}],"version-history":[{"count":4,"href":"https:\/\/ivroxe.com\/wroclaw\/wp-json\/wp\/v2\/pages\/1413\/revisions"}],"predecessor-version":[{"id":69101,"href":"https:\/\/ivroxe.com\/wroclaw\/wp-json\/wp\/v2\/pages\/1413\/revisions\/69101"}],"wp:attachment":[{"href":"https:\/\/ivroxe.com\/wroclaw\/wp-json\/wp\/v2\/media?parent=1413"}],"curies":[{"name":"wp","href":"https:\/\/api.w.org\/{rel}","templated":true}]}}